ousands digit of f?
3
Suppose -2*t = -37*v + 42*v - 87809, 3*t = 4*v + 131633. What is the thousands digit of t?
3
Suppose 33*k - 24*k = 18. Suppose k*j + 3*l - 341 = 61, 2*j - 404 = -2*l. What is the hundreds digit of j?
2
Let t = 92 + -60. Suppose t = 2*h - 16. Let g = 61 - h. What is the units digit of g?
7
Let q(r) = 4*r - 39 + 2 - 7*r. Let v be q(-19). Suppose -85 = -5*f - v. What is the tens digit of f?
1
Let u = 19 - 38. Let s(j) = 4*j + 15. Let n(z) = -8*z - 36. Let o(d) = 3*n(d) + 5*s(d). What is the units digit of o(u)?
3
Let a = -76 + 81. Suppose a*r + 4*y = 1683, 2*r + 5*y - 154 - 526 = 0. What is the hundreds digit of r?
3
Let b be 0/6 - 1 - -26. What is the hundreds digit of (-75)/6*(-810)/b?
4
What is the tens digit of (-32630)/(-4) + -9*(-15)/270?
5
Let d = -7691 - -10238. What is the hundreds digit of d?
5
What is the tens digit of ((-60)/(-125)*5)/((-108)/(-388980))?
4
What is the thousands digit of (-5*48/(-90))/((-3)/127746*-4)?
8
What is the hundreds digit of (3501/(-15))/(60/(-2500))?
7
Let z = -11452 - -20775. What is the units digit of z?
3
Suppose 4*v = -0*v - 8. Let p be v/(3 + -1)*-5. Suppose -5*i + 395 = p*o, o - 316 = -4*i - 0*o. What is the units digit of i?
9
Let g(s) = s**2 + 19*s - 62. Let d be g(-20). Let o = 50 + d. Suppose -292 = -12*l + o*l. What is the units digit of l?
3
Let t(n) = 9*n**2 - 27*n - 8. Let d(g) = g**2 - g + 1. Let j(z) = -6*d(z) + t(z). What is the units digit of j(15)?
6
Let z(n) = 16*n + 11. Let k = -319 + 320. What is the tens digit of z(k)?
2
Let t(z) = -z**2 - 11*z - 23. Let a be t(-8). What is the hundreds digit of (0 - 5 - -120)/(1/a)?
1
Suppose -3*n - 2*n + 15 = 0. Let p(s) = 10*s**2 - 5*s + 10. What is the units digit of p(n)?
5
Let y(x) = 22 + 2*x - 13*x + x - 7*x. Let g be y(-4). Suppose 9 = 3*t - 0*t, d + 5*t - g = 0. What is the units digit of d?
5
Suppose -7423 = 2*w + 3*y - 23416, -4*w + y + 31965 = 0. What is the units digit of w?
2
Suppose -5*s = -3*v + 3248, 5*s - 2*s = -v - 1946. Let p = s + 964. What is the units digit of p?
5
Let h = -93 + 325. What is the units digit of -6 - h/(-38) - (-372)/76?
5
Suppose 2*y - y - 6*y = -57965. What is the units digit of y?
3
Let v(o) = -o**3 + 11*o**2 + 9*o - 20. Let y be v(11). Suppose y*a - 74*a - 3440 = 0. What is the units digit of a?
8
Let v(j) = -6*j**3 - 25*j**2 + 7*j + 60. Let n be v(-6). Let m = 11 - -277. Let p = n - m. What is the tens digit of p?
2
Suppose -10*c + 2*c = -197673 + 2089. What is the ten thousands digit of c?
2
Suppose -9*x + 3564 = -16*x + 10*x. What is the units digit of x?
8
Suppose -10*v + 0*v = -30. Suppose 4*r - 4*b = -r + 30, 2*r = -v*b + 35. What is the units digit of r?
0
Let o = 997 - -1722. What is the hundreds digit of o?
7
Let u be 11183/9 + (-36)/(-81). Let f = 2250 - u. What is the thousands digit of f?
1
Let l(i) = 763*i**3 + 8*i**2 - 16*i + 6. Let z be l(2). Suppose 7624 = 5*k + 3*b, 11*b + z = 4*k + 8*b. What is the units digit of k?
6
Suppose -9*p + 35248 = -0*p - 17771. What is the thousands digit of p?
5
Let j = -52 + 56. Let p be 3*j*(-2)/(-6). What is the tens digit of p*(-4)/(-8) - 28/(-2)?
1
Let f(l) = 7*l**2 + 21*l - 4. Let u(i) = -3*i**2 - 10*i + 2. Let a(h) = -2*f(h) - 5*u(h). Let q be a(-9). Suppose -474 = j - q*j. What is the tens digit of j?
7
Suppose 76*v - 614033 - 103084 = 797411. What is the units digit of v?
8
Suppose 221 - 894 = i. What is the units digit of i/(-4) + (-20)/16 + 1?
8
Suppose z = -257*q + 258*q - 10791, -2*z + 21578 = 2*q. What is the tens digit of q?
9
Suppose 0 = 2*b - j + 70, 81 = -5*b + 3*j - 94. Let m(n) = n**3 + 35*n**2 - 21*n - 90. What is the tens digit of m(b)?
4
Let j(c) = 6*c**2 - 2*c - 2. Let p be j(-1). Suppose -t + p = 5. What is the tens digit of (-2 + (39 - 4))/t?
3
Let i = 17 + -15. Suppose 0 = -3*n + 4 + i. Suppose -10 = n*o, y - 5 = o + 13. What is the units digit of y?
3
Let n(p) be the second derivative of 7/6*p**3 + 9/2*p**2 + 1/2*p**4 + 0 - 26*p. What is the units digit of n(-6)?
3
Let v(d) = 67*d**2 + 4*d + 7. Let z be v(-3). Suppose -8*c = -z - 1314. Let f = c - 165. What is the units digit of f?
4
Let v(f) = -f**3 - 17*f**2 + 70*f - 115. What is the hundreds digit of v(-27)?
2
Let a = 13020 - 4695. What is the tens digit of a?
2
Suppose 30*z = 29*z + 44. Let k = 57 - z. Suppose 2*x = k*x - 968. What is the tens digit of x?
8
Let f = -28842 + 80709. What is the units digit of f?
7
What is the thousands digit of 8684984/396 - ((-2)/(-18))/((-3)/6)?
1
Let m(k) = -k**3 - k - 2. Let j be m(0). What is the units digit of (-7)/4 - j - 718/(-8)?
0
Let v = -26943 - -46059. What is the tens digit of v?
1
Let b be (3/(-4))/(102/(-272)). Suppose -3*f - 24 = -b*f - 5*k, 2*k = f + 9. What is the tens digit of 4*2/(-12)*(f - 73)?
4
Suppose -5*o + 0*u + 357830 = 5*u, -o + 2*u = -71545. What is the tens digit of o?
5
Suppose -487 = 19*w + 102. Let x(a) = 4*a + 4. Let g be x(-4). Let n = g - w. What is the tens digit of n?
1
Let q = -64 - -67. Suppose -m - 4*m = -5*w + 65, -q*m - 41 = -5*w. What is the units digit of (-3)/(m/436) - (-2 + -1)?
2
Let l = 72 + -92. Let w be 2025/l + 4 - 1/(-4). Let d = w + 166. What is the units digit of d?
9
Suppose 0 = -3*b + 9, -2*m + 26317 = 3*b - 17306. What is the ten thousands digit of m?
2
Suppose -73 + 337 = -4*t. Let o = t - -225. What is the hundreds digit of o?
1
Suppose 888*o = 890*o - 2*d - 100150, -3*o + 150211 = -5*d. What is the tens digit of o?
8
Suppose 2*k = -37*w + 40*w + 15775, -4*w + 15810 = 2*k. What is the thousands digit of k?
7
Suppose 25894 = 29*o + 8842. Suppose 3*r + 2*b = o, -6*b + 2*b + 206 = r. What is the tens digit of r?
9
Suppose 62*n - 297891 = -65*n + 94*n. What is the hundreds digit of n?
0
Suppose 390*t - 394*t - 3*g = -164578, -5*t + 4*g = -205769. What is the units digit of t?
9
Let i be (8 + (-246)/30)/(1/(-10)). Suppose 4*y + 24 = b, -9*y = -i*b - 12*y + 70. What is the tens digit of b?
3
What is the units digit of 11803 + -34*(-11)/22?
0
Let s = 12271 - 10629. What is the thousands digit of s?
1
Let y = -2360 + 4119. What is the thousands digit of y?
1
Suppose n = 3*k + 63, -2*n + k + 43 = -68. Let d = n + -17. What is the units digit of (-1098)/(-39) + (-3 - d/(-13))?
8
Let u(z) = 2737*z + 2043. What is the ten thousands digit of u(20)?
5
Suppose 5*x + 490 - 4900 = 0. Let v = -448 + x. What is the tens digit of v?
3
Suppose 3169 = 3*d + w, 2*w + 3166 = -3*d + 6*d. Suppose -6*o + d = 3*p - 2*o, -5*p - o = -1760. What is the hundreds digit of p?
3
Suppose 46*s = 49*s - 840. Suppose 3*f + s + 929 = 2*x, 0 = -5*x - 2*f + 3013. What is the units digit of x?
3
Suppose 13*p - 76*p + 3257976 = 53*p. What is the tens digit of p?
8
What is the thousands digit of (-251 - -214)/(-2 + (-3362)/(-1682))?
1
Let u(b) = 5*b**2 - 11*b + 496. What is the thousands digit of u(88)?
8
Let g(l) be the third derivative of 25*l**2 - 5/24*l**4 + 2/15*l**5 + 11/6*l**3 + 1/120*l**6 + 0*l + 0. What is the units digit of g(-8)?
1
Suppose 14*d - 228 = 26*d. Let w(s) = -33*s - 58. What is the units digit of w(d)?
9
Let x(y) = 58*y + 2402. What is the hundreds digit of x(23)?
7
Let n = -45 - -25. Let k = 18 - n. What is the hundreds digit of k/95 + 918/5?
1
Let p(h) = 7*h**3 - 8*h**2 + 2*h + 6. Let y be p(6). Suppose -13*k = y - 11772. What is the units digit of k?
0
Suppose 5*k - s - 284 = k, 2*k = 4*s + 142. Suppose -67*i - 580 = -k*i. What is the hundreds digit of i?
1
Suppose 177824 = 4*m - 4*t, -t + 51797 + 170489 = 5*m. What is the tens digit of m?
5
Suppose 1042 = 25*q - 3508. Suppose -2*p = -3*x + 4*x + 20, 4*p = 0. Let l = x + q. What is the tens digit of l?
6
What is the thousands digit of (-2563192)/(-68) - ((-30)/(-15) + 11/(-1))?
7
What is the units digit of (-13136)/72*-9*(3/(-3))/(-1)?
2
Let d(y) be the second derivative of -73*y**3/3 - 3*y**2 - y. Let q be d(4). What is the units digit of q/(-25) + (-2)/(-5)?
4
Suppose -3*m + 241 = 3*q - 4*m, -5*m + 25 = 0. Suppose -q + 232 = 6*b. What is the units digit of b?
5
Let a = -342 + 367. Suppose 2*w + a = 141. What is the tens digit of w?
5
Suppose w + 11 - 12 = -2*q, 4*q - 5*w + 5 = 0. Suppose 0 = 2*n - q*n - 1310. What is the tens digit of n?
5
Let n(u) = -3*u**3 + 2*u**2 + 2*u - 6. Suppose 0 = 13*t - 4*t + 27. Let x be n(t). Suppose -l + x